{"id":27,"date":"2017-02-22T15:17:41","date_gmt":"2017-02-22T14:17:41","guid":{"rendered":"http:\/\/www.safemenuiseries.fr\/?page_id=27"},"modified":"2026-03-13T23:25:15","modified_gmt":"2026-03-13T22:25:15","slug":"accueil","status":"publish","type":"page","link":"https:\/\/www.safemenuiseries.fr\/index.php\/accueil\/","title":{"rendered":"QUI SOMMES-NOUS ?"},"content":{"rendered":"\r\n<div class=\"wp-block-image\" style=\"text-align: center;\">\r\n<figure><\/figure>\r\n<figure class=\"aligncenter size-large is-resized\"><br \/><img decoding=\"async\" loading=\"lazy\" class=\"aligncenter wp-image-297 size-full\" src=\"http:\/\/www.safemenuiseries.fr\/wp-content\/uploads\/2020\/04\/fournier-1.jpg\" alt=\"\" width=\"960\" height=\"720\" srcset=\"https:\/\/www.safemenuiseries.fr\/wp-content\/uploads\/2020\/04\/fournier-1.jpg 960w, https:\/\/www.safemenuiseries.fr\/wp-content\/uploads\/2020\/04\/fournier-1-300x225.jpg 300w, https:\/\/www.safemenuiseries.fr\/wp-content\/uploads\/2020\/04\/fournier-1-768x576.jpg 768w\" sizes=\"(max-width: 960px) 100vw, 960px\" \/><\/figure>\r\n<\/div>\r\n<p data-start=\"455\" data-end=\"547\">\u00a0<\/p>\r\n<h2 style=\"text-align: center;\" data-start=\"455\" data-end=\"547\"><strong data-start=\"455\" data-end=\"547\">Remplacement de fen\u00eatres, volets et portes \u00e0 Clamart et ses environs\u00a0<\/strong><\/h2>\r\n<p data-start=\"455\" data-end=\"547\">\u00a0<\/p>\r\n<p style=\"text-align: justify;\" data-start=\"549\" data-end=\"730\">Cr\u00e9\u00e9e en Janvier 2016, <strong>SAFE<\/strong> est une entreprise sp\u00e9cialis\u00e9e dans la <strong>fourniture et la pose de menuiseries ext\u00e9rieures<\/strong> : fen\u00eatres PVC, aluminium, bois, volets et portes d\u2019entr\u00e9e.\u00a0<\/p>\r\n<p style=\"text-align: justify;\" data-start=\"732\" data-end=\"898\">Nous accompagnons les particuliers dans leurs projets de r\u00e9novation afin d\u2019<strong>am\u00e9liorer le confort thermique<\/strong> et <strong>acoustique<\/strong> de leur logement tout en valorisant leur bien.<\/p>\r\n<p style=\"text-align: justify;\" data-start=\"900\" data-end=\"1004\">Bas\u00e9e \u00e0 Clamart, notre entreprise intervient principalement \u00e0 Clamart, Meudon, Issy-les-Moulineaux, Boulogne, Vanves, mais aussi dans tout l&rsquo;Ile de France selon votre demande.\u00a0<\/p>\r\n<p style=\"text-align: justify;\" data-start=\"900\" data-end=\"1004\">Nous intervenons avec des solutions adapt\u00e9es \u00e0 votre logement, en privil\u00e9giant la qualit\u00e9 de pose, les finitions et la performance thermique.<\/p>\r\n<p style=\"text-align: justify;\" data-start=\"1006\" data-end=\"1151\">Nous r\u00e9alisons des \u00e9tudes personnalis\u00e9es et proposons des devis gratuits pour vos projets de remplacement de fen\u00eatres, volets et portes.<\/p>\r\n<p data-start=\"1006\" data-end=\"1151\">\u00a0<\/p>\r\n<h2 style=\"text-align: center;\" data-start=\"3287\" data-end=\"3326\"><strong data-start=\"3287\" data-end=\"3326\">Pourquoi choisir SAFE ?<\/strong><\/h2>\r\n<p><img decoding=\"async\" loading=\"lazy\" class=\"aligncenter wp-image-850 size-full\" src=\"http:\/\/www.safemenuiseries.fr\/wp-content\/uploads\/2026\/03\/104003342_1021812971608212_590584908022114862_n.jpg\" alt=\"\" width=\"960\" height=\"822\" srcset=\"https:\/\/www.safemenuiseries.fr\/wp-content\/uploads\/2026\/03\/104003342_1021812971608212_590584908022114862_n.jpg 960w, https:\/\/www.safemenuiseries.fr\/wp-content\/uploads\/2026\/03\/104003342_1021812971608212_590584908022114862_n-300x257.jpg 300w, https:\/\/www.safemenuiseries.fr\/wp-content\/uploads\/2026\/03\/104003342_1021812971608212_590584908022114862_n-768x658.jpg 768w\" sizes=\"(max-width: 960px) 100vw, 960px\" \/><\/p>\r\n<ul data-start=\"3328\" data-end=\"3507\">\r\n<li data-section-id=\"1cw83yl\" data-start=\"3328\" data-end=\"3365\">\r\n<p data-start=\"3330\" data-end=\"3365\">Entreprise locale, \u00e0 taille humaine, bas\u00e9e \u00e0 Clamart<\/p>\r\n<\/li>\r\n<li data-section-id=\"1cw83yl\" data-start=\"3328\" data-end=\"3365\">\r\n<p data-start=\"3330\" data-end=\"3365\">Un seul interlocuteur<\/p>\r\n<\/li>\r\n<li data-section-id=\"1cw83yl\" data-start=\"3328\" data-end=\"3365\">\r\n<p data-start=\"3330\" data-end=\"3365\">\u00a010 ans d\u2019exp\u00e9rience dans les fermetures ext\u00e9rieures<\/p>\r\n<\/li>\r\n<li data-section-id=\"1cw83yl\" data-start=\"3328\" data-end=\"3365\">\r\n<p data-start=\"3330\" data-end=\"3365\">Produits fran\u00e7ais, performants et durables<\/p>\r\n<\/li>\r\n<li data-section-id=\"1cw83yl\" data-start=\"3328\" data-end=\"3365\">\r\n<p data-start=\"3330\" data-end=\"3365\">Certification RGE<\/p>\r\n<\/li>\r\n<li data-section-id=\"1cw83yl\" data-start=\"3328\" data-end=\"3365\">\r\n<p data-start=\"3330\" data-end=\"3365\">Pose soign\u00e9e et finitions de qualit\u00e9<\/p>\r\n<\/li>\r\n<\/ul>\r\n<p>&nbsp;<\/p>\r\n<p style=\"text-align: center;\" data-start=\"1006\" data-end=\"1151\"><strong><a href=\"http:\/\/www.safemenuiseries.fr\/index.php\/nous-contacter\/\">DEMANDER UN DEVIS GRATUIT<\/a><\/strong><\/p>","protected":false},"excerpt":{"rendered":"<p>\u00a0 Remplacement de fen\u00eatres, volets et portes \u00e0 Clamart et ses environs\u00a0 \u00a0 Cr\u00e9\u00e9e en Janvier 2016, SAFE est une<\/p>\n","protected":false},"author":1,"featured_media":0,"parent":0,"menu_order":1,"comment_status":"closed","ping_status":"closed","template":"","meta":[],"_links":{"self":[{"href":"https:\/\/www.safemenuiseries.fr\/index.php\/wp-json\/wp\/v2\/pages\/27"}],"collection":[{"href":"https:\/\/www.safemenuiseries.fr\/index.php\/wp-json\/wp\/v2\/pages"}],"about":[{"href":"https:\/\/www.safemenuiseries.fr\/index.php\/wp-json\/wp\/v2\/types\/page"}],"author":[{"embeddable":true,"href":"https:\/\/www.safemenuiseries.fr\/index.php\/wp-json\/wp\/v2\/users\/1"}],"replies":[{"embeddable":true,"href":"https:\/\/www.safemenuiseries.fr\/index.php\/wp-json\/wp\/v2\/comments?post=27"}],"version-history":[{"count":67,"href":"https:\/\/www.safemenuiseries.fr\/index.php\/wp-json\/wp\/v2\/pages\/27\/revisions"}],"predecessor-version":[{"id":998,"href":"https:\/\/www.safemenuiseries.fr\/index.php\/wp-json\/wp\/v2\/pages\/27\/revisions\/998"}],"wp:attachment":[{"href":"https:\/\/www.safemenuiseries.fr\/index.php\/wp-json\/wp\/v2\/media?parent=27"}],"curies":[{"name":"wp","href":"https:\/\/api.w.org\/{rel}","templated":true}]}}