{"id":153,"date":"2017-02-24T13:15:28","date_gmt":"2017-02-24T12:15:28","guid":{"rendered":"http:\/\/www.safemenuiseries.fr\/?page_id=153"},"modified":"2026-03-09T12:35:58","modified_gmt":"2026-03-09T11:35:58","slug":"nos-certifications","status":"publish","type":"page","link":"https:\/\/www.safemenuiseries.fr\/index.php\/nos-certifications\/","title":{"rendered":"Certifications"},"content":{"rendered":"<p>Publi\u00e9 le 24 mai 2016 &#8211; 10h<\/p>\n<h4><strong>Nous sommes RGE<\/strong><\/h4>\n<p style=\"text-align: justify;\"><img decoding=\"async\" loading=\"lazy\" class=\" wp-image-537 aligncenter\" src=\"http:\/\/www.safemenuiseries.fr\/wp-content\/uploads\/2020\/04\/logo_qualibat-RGE_2015_72dpi_RVB-247x300-1.png\" alt=\"\" width=\"174\" height=\"212\" \/><\/p>\n<p style=\"text-align: justify;\">Le 11 mai 2016, nous sommes devenues une entreprise RGE (reconnue garant de l\u2019environnement) dans le domaine de la fourniture et la pose de menuiseries ext\u00e9rieures*.<\/p>\n<p style=\"text-align: justify;\">Cr\u00e9\u00e9e par les pouvoirs publics et l&rsquo;ADEME en 2011, le dispositif RGE \u00e9mane d&rsquo;une d\u00e9marche volontaire et est r\u00e9serv\u00e9e aux professionnels de la r\u00e9novation qui am\u00e9liorent la qualit\u00e9 \u00e9nerg\u00e9tique de votre habitation.<\/p>\n<p style=\"text-align: justify;\">Ce label permet d&rsquo;attester de la qualit\u00e9 des produits propos\u00e9s et des travaux effectu\u00e9s par l&rsquo;entreprise qualifi\u00e9e ainsi que de sa bonne sant\u00e9 fiscale et sociale.<\/p>\n<p style=\"text-align: justify;\">Depuis 2015, seules les entreprises b\u00e9n\u00e9ficiant d&rsquo;une qualification RGE remplissent les crit\u00e8res d&rsquo;\u00e9ligibilit\u00e9 de l\u2019\u00e9co-conditionnalit\u00e9, qui permettent aux clients\u00a0 \u00e9ligibles de b\u00e9n\u00e9ficier des principales aides de l\u2019\u00c9tat :<\/p>\n<ul style=\"text-align: justify;\">\n<li>MA PRIME RENOV (EX Cr\u00e9dit d\u2019imp\u00f4ts pour la transition \u00e9nerg\u00e9tique)<\/li>\n<li>Pr\u00eat \u00e0 taux z\u00e9ro (PTZ).<\/li>\n<li>Certificats d&rsquo;\u00e9conomie d&rsquo;\u00e9nergie (CEE)<\/li>\n<\/ul>\n<p style=\"text-align: justify;\">*Mention 3511 : Fourniture et pose de menuiseries ext\u00e9rieures Mention efficacit\u00e9 \u00e9nerg\u00e9tique &#8211; travaux isol\u00e9s. Pose de mat\u00e9riaux d&rsquo;isolation thermique des parois vitr\u00e9es, de volets isolants et de portes d&rsquo;entr\u00e9e donnant vers l&rsquo;ext\u00e9rieur.<\/p>\n<p><a href=\"http:\/\/www.safemenuiseries.fr\/wp-content\/uploads\/2020\/04\/NOUSSOMMESRGE.pdf\">COURRIER &#8211; NOUSSOMMESRGE<\/a><\/p>\n<p><a href=\"http:\/\/www.safemenuiseries.fr\/wp-content\/uploads\/2026\/03\/33.pdf\">CERTIFICAT EN VIGUEUR<\/a><\/p>\n<p>&nbsp;<\/p>\n<p style=\"text-align: center;\"><strong><a href=\"http:\/\/www.safemenuiseries.fr\/index.php\/nous-contacter\/\">DEMANDER UN DEVIS GRATUIT<\/a><\/strong><\/p>\n","protected":false},"excerpt":{"rendered":"<p>Publi\u00e9 le 24 mai 2016 &#8211; 10h Nous sommes RGE Le 11 mai 2016, nous sommes devenues une entreprise RGE<\/p>\n","protected":false},"author":1,"featured_media":0,"parent":0,"menu_order":4,"comment_status":"closed","ping_status":"closed","template":"","meta":[],"_links":{"self":[{"href":"https:\/\/www.safemenuiseries.fr\/index.php\/wp-json\/wp\/v2\/pages\/153"}],"collection":[{"href":"https:\/\/www.safemenuiseries.fr\/index.php\/wp-json\/wp\/v2\/pages"}],"about":[{"href":"https:\/\/www.safemenuiseries.fr\/index.php\/wp-json\/wp\/v2\/types\/page"}],"author":[{"embeddable":true,"href":"https:\/\/www.safemenuiseries.fr\/index.php\/wp-json\/wp\/v2\/users\/1"}],"replies":[{"embeddable":true,"href":"https:\/\/www.safemenuiseries.fr\/index.php\/wp-json\/wp\/v2\/comments?post=153"}],"version-history":[{"count":15,"href":"https:\/\/www.safemenuiseries.fr\/index.php\/wp-json\/wp\/v2\/pages\/153\/revisions"}],"predecessor-version":[{"id":900,"href":"https:\/\/www.safemenuiseries.fr\/index.php\/wp-json\/wp\/v2\/pages\/153\/revisions\/900"}],"wp:attachment":[{"href":"https:\/\/www.safemenuiseries.fr\/index.php\/wp-json\/wp\/v2\/media?parent=153"}],"curies":[{"name":"wp","href":"https:\/\/api.w.org\/{rel}","templated":true}]}}