{"id":180,"date":"2017-02-24T13:37:52","date_gmt":"2017-02-24T12:37:52","guid":{"rendered":"http:\/\/www.safemenuiseries.fr\/?page_id=180"},"modified":"2026-03-13T22:18:05","modified_gmt":"2026-03-13T21:18:05","slug":"fenetres-pvc","status":"publish","type":"page","link":"http:\/\/www.safemenuiseries.fr\/index.php\/nos-produits\/fenetres\/fenetres-pvc\/","title":{"rendered":"Fen\u00eatres PVC"},"content":{"rendered":"<p><img decoding=\"async\" loading=\"lazy\" class=\"alignnone wp-image-650 size-full\" src=\"http:\/\/www.safemenuiseries.fr\/wp-content\/uploads\/2020\/04\/LESTRADE_1.jpg\" alt=\"\" width=\"1300\" height=\"975\" srcset=\"http:\/\/www.safemenuiseries.fr\/wp-content\/uploads\/2020\/04\/LESTRADE_1.jpg 1300w, http:\/\/www.safemenuiseries.fr\/wp-content\/uploads\/2020\/04\/LESTRADE_1-300x225.jpg 300w, http:\/\/www.safemenuiseries.fr\/wp-content\/uploads\/2020\/04\/LESTRADE_1-1024x768.jpg 1024w, http:\/\/www.safemenuiseries.fr\/wp-content\/uploads\/2020\/04\/LESTRADE_1-768x576.jpg 768w\" sizes=\"(max-width: 1300px) 100vw, 1300px\" \/><\/p>\n<p data-start=\"407\" data-end=\"612\">Les fen\u00eatres PVC repr\u00e9sentent aujourd\u2019hui l\u2019une des solutions les plus performantes pour am\u00e9liorer l\u2019isolation thermique et acoustique d\u2019un logement tout en b\u00e9n\u00e9ficiant d\u2019un excellent rapport qualit\u00e9-prix.<\/p>\n<p data-start=\"614\" data-end=\"861\">SAFE Menuiseries propose des menuiseries PVC de <strong data-start=\"662\" data-end=\"677\">gamme 70 mm<\/strong>, con\u00e7ues pour offrir un niveau \u00e9lev\u00e9 de performance \u00e9nerg\u00e9tique, de confort et de durabilit\u00e9. Ces fen\u00eatres s\u2019adaptent aussi bien aux projets de r\u00e9novation qu\u2019aux constructions neuves.<\/p>\n<p data-start=\"863\" data-end=\"1025\">Nos menuiseries sont fabriqu\u00e9es \u00e0 partir de <strong data-start=\"907\" data-end=\"934\">profil\u00e9s PVC Deceuninck<\/strong>, reconnus pour leur qualit\u00e9, leur robustesse et leurs performances en mati\u00e8re d\u2019isolation.<\/p>\n<p data-start=\"1027\" data-end=\"1236\">Gr\u00e2ce \u00e0 leur conception multi-chambres et \u00e0 l\u2019utilisation de vitrages performants, ces fen\u00eatres permettent d\u2019am\u00e9liorer significativement le confort thermique du logement tout en r\u00e9duisant les pertes d\u2019\u00e9nergie.<\/p>\n<h4 data-section-id=\"1oa6u68\" data-start=\"1243\" data-end=\"1275\"><\/h4>\n<p>&nbsp;<\/p>\n<h4 style=\"text-align: center;\" data-section-id=\"1oa6u68\" data-start=\"1243\" data-end=\"1275\"><strong>Les avantages des fen\u00eatres PVC<\/strong><\/h4>\n<p>&nbsp;<\/p>\n<p data-start=\"1277\" data-end=\"1325\">Les fen\u00eatres PVC offrent de nombreux avantages :<\/p>\n<ul data-start=\"1327\" data-end=\"1491\">\n<li data-section-id=\"1a7j8ar\" data-start=\"1327\" data-end=\"1363\">\n<p data-start=\"1329\" data-end=\"1363\">Excellente <strong data-start=\"1340\" data-end=\"1363\">isolation thermique<\/strong><\/p>\n<\/li>\n<li data-section-id=\"zlpw1f\" data-start=\"1364\" data-end=\"1396\">\n<p data-start=\"1366\" data-end=\"1396\">Bonne <strong data-start=\"1372\" data-end=\"1396\">isolation acoustique<\/strong><\/p>\n<\/li>\n<li data-section-id=\"l7gp1h\" data-start=\"1397\" data-end=\"1424\">\n<p data-start=\"1399\" data-end=\"1424\"><strong data-start=\"1399\" data-end=\"1424\">Entretien tr\u00e8s simple<\/strong><\/p>\n<\/li>\n<li data-section-id=\"140isbm\" data-start=\"1425\" data-end=\"1448\">\n<p data-start=\"1427\" data-end=\"1448\">Grande <strong data-start=\"1434\" data-end=\"1448\">durabilit\u00e9<\/strong><\/p>\n<\/li>\n<li data-section-id=\"10pucnm\" data-start=\"1449\" data-end=\"1491\">\n<p data-start=\"1451\" data-end=\"1491\">Excellent <strong data-start=\"1461\" data-end=\"1491\">rapport performance \/ prix<\/strong><\/p>\n<\/li>\n<\/ul>\n<p data-start=\"1493\" data-end=\"1614\">Le PVC est \u00e9galement un mat\u00e9riau r\u00e9sistant aux intemp\u00e9ries qui ne rouille pas et conserve ses performances dans le temps.<\/p>\n<h4 data-section-id=\"pal4sh\" data-start=\"1621\" data-end=\"1650\"><\/h4>\n<h4 style=\"text-align: center;\" data-section-id=\"pal4sh\" data-start=\"1621\" data-end=\"1650\"><strong>Caract\u00e9ristiques techniques<\/strong><\/h4>\n<p>&nbsp;<\/p>\n<p data-start=\"1652\" data-end=\"1753\">Les fen\u00eatres PVC install\u00e9es par SAFE disposent notamment des caract\u00e9ristiques suivantes :<\/p>\n<ul data-start=\"1755\" data-end=\"2168\">\n<li data-section-id=\"u087ii\" data-start=\"1755\" data-end=\"1784\">\n<p data-start=\"1757\" data-end=\"1784\">Profil\u00e9s <strong data-start=\"1766\" data-end=\"1784\">PVC Deceuninck<\/strong><\/p>\n<\/li>\n<li data-section-id=\"fml6xm\" data-start=\"1785\" data-end=\"1817\">\n<p data-start=\"1787\" data-end=\"1817\"><strong data-start=\"1787\" data-end=\"1817\">Epaisseur de profil\u00e9 70 mm<\/strong><\/p>\n<\/li>\n<li data-section-id=\"p9gmii\" data-start=\"1818\" data-end=\"1875\">\n<p data-start=\"1820\" data-end=\"1875\"><strong data-start=\"1820\" data-end=\"1846\">5 chambres d\u2019isolation<\/strong> dans le dormant et dans l\u2019ouvrant<\/p>\n<\/li>\n<li data-section-id=\"bsb0jk\" data-start=\"1876\" data-end=\"1928\">\n<p data-start=\"1878\" data-end=\"1928\">Double vitrage \u00e0 <strong data-start=\"1895\" data-end=\"1928\">isolation thermique renforc\u00e9e<\/strong><\/p>\n<\/li>\n<li data-section-id=\"rg72bg\" data-start=\"1929\" data-end=\"1975\">\n<p data-start=\"1931\" data-end=\"1975\">Gaz <strong data-start=\"1935\" data-end=\"1944\">argon<\/strong> et intercalaires <strong data-start=\"1962\" data-end=\"1975\">Warm Edge<\/strong><\/p>\n<\/li>\n<li data-section-id=\"16e1xs0\" data-start=\"1976\" data-end=\"2011\">\n<p data-start=\"1978\" data-end=\"2011\">Possibilit\u00e9 de <strong data-start=\"1993\" data-end=\"2011\">triple vitrage<\/strong><\/p>\n<\/li>\n<li data-section-id=\"9eigmc\" data-start=\"2012\" data-end=\"2065\">\n<p data-start=\"2014\" data-end=\"2065\">Quincaillerie s\u00e9curis\u00e9e avec <strong data-start=\"2043\" data-end=\"2065\">poign\u00e9es Secustick<\/strong><\/p>\n<\/li>\n<li data-section-id=\"16fjkmt\" data-start=\"2066\" data-end=\"2117\">\n<p data-start=\"2068\" data-end=\"2117\">Meneau central optimis\u00e9 pour une bonne luminosit\u00e9<\/p>\n<\/li>\n<li data-section-id=\"zb40p2\" data-start=\"2118\" data-end=\"2168\">\n<p data-start=\"2120\" data-end=\"2168\">Parecloses moulur\u00e9es ou arrondies selon finition<\/p>\n<\/li>\n<\/ul>\n<h4 data-section-id=\"ooaer1\" data-start=\"2175\" data-end=\"2189\"><\/h4>\n<h4 style=\"text-align: center;\" data-section-id=\"ooaer1\" data-start=\"2175\" data-end=\"2189\"><strong>Performances<\/strong><\/h4>\n<p>&nbsp;<\/p>\n<p data-start=\"2191\" data-end=\"2300\">Les performances thermiques et acoustiques de ces menuiseries permettent d\u2019am\u00e9liorer le confort du logement :<\/p>\n<ul data-start=\"2302\" data-end=\"2476\">\n<li data-section-id=\"1a6bf0u\" data-start=\"2302\" data-end=\"2343\">\n<p data-start=\"2304\" data-end=\"2343\"><strong data-start=\"2304\" data-end=\"2343\">Uw \u2264 1,4 W\/m\u00b2.K selon configuration<\/strong><\/p>\n<\/li>\n<li data-section-id=\"1dwqhtr\" data-start=\"2344\" data-end=\"2379\">\n<p data-start=\"2346\" data-end=\"2379\">Vitrage <strong data-start=\"2354\" data-end=\"2379\">Ug jusqu\u2019\u00e0 1,1 W\/m\u00b2.K<\/strong><\/p>\n<\/li>\n<li data-section-id=\"nl97cf\" data-start=\"2380\" data-end=\"2430\">\n<p data-start=\"2382\" data-end=\"2430\">Isolation acoustique pouvant atteindre <strong data-start=\"2421\" data-end=\"2430\">36 dB<\/strong><\/p>\n<\/li>\n<li data-section-id=\"71d1t0\" data-start=\"2431\" data-end=\"2476\">\n<p data-start=\"2433\" data-end=\"2476\">Classement <strong data-start=\"2444\" data-end=\"2476\">Air Eau Vent : A<em data-start=\"2462\" data-end=\"2467\">3 E<\/em>7B V*A2<\/strong><\/p>\n<\/li>\n<\/ul>\n<p data-start=\"2478\" data-end=\"2566\">Ces performances r\u00e9pondent aux exigences actuelles en mati\u00e8re de r\u00e9novation \u00e9nerg\u00e9tique.<\/p>\n<h4 data-section-id=\"177j88n\" data-start=\"2573\" data-end=\"2591\"><\/h4>\n<h4 style=\"text-align: center;\" data-section-id=\"177j88n\" data-start=\"2573\" data-end=\"2591\"><strong>Personnalisation<\/strong><\/h4>\n<p>&nbsp;<\/p>\n<p data-start=\"2593\" data-end=\"2684\">Les fen\u00eatres PVC peuvent \u00eatre personnalis\u00e9es afin de s\u2019adapter \u00e0 l\u2019esth\u00e9tique du logement :<\/p>\n<ul data-start=\"2686\" data-end=\"2869\">\n<li data-section-id=\"yh0j4t\" data-start=\"2686\" data-end=\"2735\">\n<p data-start=\"2688\" data-end=\"2735\">Teintes blanches ou <strong data-start=\"2708\" data-end=\"2735\">finition imitation bois<\/strong><\/p>\n<\/li>\n<li data-section-id=\"100w2i4\" data-start=\"2736\" data-end=\"2775\">\n<p data-start=\"2738\" data-end=\"2775\">PVC <strong data-start=\"2742\" data-end=\"2775\">plax\u00e9 ou teint\u00e9 dans la masse<\/strong><\/p>\n<\/li>\n<li data-section-id=\"xki0kp\" data-start=\"2776\" data-end=\"2808\">\n<p data-start=\"2778\" data-end=\"2808\">Petits bois int\u00e9gr\u00e9s ou coll\u00e9s<\/p>\n<\/li>\n<li data-section-id=\"gbeior\" data-start=\"2809\" data-end=\"2830\">\n<p data-start=\"2811\" data-end=\"2830\">Vitrages d\u00e9coratifs<\/p>\n<\/li>\n<li data-section-id=\"t82flh\" data-start=\"2831\" data-end=\"2869\">\n<p data-start=\"2833\" data-end=\"2869\">Diff\u00e9rentes options de quincaillerie<\/p>\n<\/li>\n<\/ul>\n<p>&nbsp;<\/p>\n<p style=\"text-align: center;\"><a href=\"http:\/\/www.safemenuiseries.fr\/index.php\/nous-contacter\/\">DEMANDER UN DEVIS GRATUIT<\/a><\/p>\n","protected":false},"excerpt":{"rendered":"<p>Les fen\u00eatres PVC repr\u00e9sentent aujourd\u2019hui l\u2019une des solutions les plus performantes pour am\u00e9liorer l\u2019isolation thermique et acoustique d\u2019un logement tout<\/p>\n","protected":false},"author":1,"featured_media":0,"parent":158,"menu_order":1,"comment_status":"closed","ping_status":"closed","template":"","meta":[],"_links":{"self":[{"href":"http:\/\/www.safemenuiseries.fr\/index.php\/wp-json\/wp\/v2\/pages\/180"}],"collection":[{"href":"http:\/\/www.safemenuiseries.fr\/index.php\/wp-json\/wp\/v2\/pages"}],"about":[{"href":"http:\/\/www.safemenuiseries.fr\/index.php\/wp-json\/wp\/v2\/types\/page"}],"author":[{"embeddable":true,"href":"http:\/\/www.safemenuiseries.fr\/index.php\/wp-json\/wp\/v2\/users\/1"}],"replies":[{"embeddable":true,"href":"http:\/\/www.safemenuiseries.fr\/index.php\/wp-json\/wp\/v2\/comments?post=180"}],"version-history":[{"count":53,"href":"http:\/\/www.safemenuiseries.fr\/index.php\/wp-json\/wp\/v2\/pages\/180\/revisions"}],"predecessor-version":[{"id":973,"href":"http:\/\/www.safemenuiseries.fr\/index.php\/wp-json\/wp\/v2\/pages\/180\/revisions\/973"}],"up":[{"embeddable":true,"href":"http:\/\/www.safemenuiseries.fr\/index.php\/wp-json\/wp\/v2\/pages\/158"}],"wp:attachment":[{"href":"http:\/\/www.safemenuiseries.fr\/index.php\/wp-json\/wp\/v2\/media?parent=180"}],"curies":[{"name":"wp","href":"https:\/\/api.w.org\/{rel}","templated":true}]}}